{"id":799,"date":"2019-04-09T13:10:48","date_gmt":"2019-04-09T11:10:48","guid":{"rendered":"https:\/\/www.boisrouge.fr\/?page_id=799"},"modified":"2025-04-11T09:58:25","modified_gmt":"2025-04-11T07:58:25","slug":"vins-bourgogne-biodynamie","status":"publish","type":"page","link":"https:\/\/www.boisrouge.fr\/en\/vins-bourgogne-biodynamie\/","title":{"rendered":"Wines"},"content":{"rendered":"<div class=\"wpb-content-wrapper\"><p class=\"qtranxs-available-languages-message qtranxs-available-languages-message-en\">Sorry, this entry is only available in <a href=\"https:\/\/www.boisrouge.fr\/fr\/wp-json\/wp\/v2\/pages\/799\" class=\"qtranxs-available-language-link qtranxs-available-language-link-fr\" title=\"Fran\u00e7ais\">Fran\u00e7ais<\/a> and <a href=\"https:\/\/www.boisrouge.fr\/ja\/wp-json\/wp\/v2\/pages\/799\" class=\"qtranxs-available-language-link qtranxs-available-language-link-ja\" title=\"\u65e5\u672c\u8a9e\">\u65e5\u672c\u8a9e<\/a>.<\/p>\n<p>[vc_row css_animation=&#8221;&#8221; row_type=&#8221;row&#8221; use_row_as_full_screen_section=&#8221;no&#8221; type=&#8221;grid&#8221; angled_section=&#8221;no&#8221; text_align=&#8221;left&#8221; background_image_as_pattern=&#8221;without_pattern&#8221; padding_top=&#8221;140&#8243; padding_bottom=&#8221;140&#8243;][vc_column][vc_column_text]<\/p>\n<h1>Les vins \u00e0 Boisrouge<\/h1>\n<p>[\/vc_column_text][vc_separator type=&#8221;transparent&#8221; up=&#8221;20&#8243; down=&#8221;0&#8243;][vc_column_text css=&#8221;&#8221;]Depuis longtemps, Philippe Delacourcelle se passionnent pour les \u00ab vins d\u2019auteurs \u00bb, les crus de producteurs r\u00e9alis\u00e9s avec amour et dans le respect de la nature, que ce soit en culture raisonn\u00e9e, en bio ou en biodynamie. Pour nous, cette implantation dans le terroir bourguignon est une belle occasion de mettre en valeur les d\u00e9licieux vins de Bourgogne. Une gamme, en blanc comme en rouge, allant du \u00ab petit \u00bb Bourgogne r\u00e9gional jusqu\u2019aux mythiques grands crus, vous est propos\u00e9e.<\/p>\n<p>Pour les amateurs d\u2019autres r\u00e9gions viticoles, vous ne serez pas en reste. Les vins de Loire, Alsace, Rh\u00f4ne et Sud-Ouest sont \u00e9galement mis \u00e0 l\u2019honneur. Le plus grand plaisir de Philippe est d\u2019aller \u00e0 la rencontre de vignerons, d\u00e9couvrir leurs vins, arpenter la vigne, comprendre leur philosophie et partager des moments privil\u00e9gi\u00e9s. La carte des vins est le fruit de 35 ans de recherche, de d\u00e9couvertes, de relations anciennes ou r\u00e9centes, mais de qualit\u00e9 avec les vignerons et leur m\u00e9tier passionnant.[\/vc_column_text][vc_separator type=&#8221;transparent&#8221; up=&#8221;20&#8243; down=&#8221;0&#8243;][\/vc_column][\/vc_row][vc_row row_type=&#8221;parallax&#8221; parallax_content_width=&#8221;in_grid&#8221; text_align=&#8221;left&#8221; full_screen_section_height=&#8221;no&#8221; background_image=&#8221;801&#8243; section_height=&#8221;500&#8243;][vc_column][\/vc_column][\/vc_row][vc_row css_animation=&#8221;&#8221; row_type=&#8221;row&#8221; use_row_as_full_screen_section=&#8221;no&#8221; type=&#8221;grid&#8221; angled_section=&#8221;no&#8221; text_align=&#8221;left&#8221; background_image_as_pattern=&#8221;without_pattern&#8221; padding_top=&#8221;80&#8243;][vc_column width=&#8221;1\/2&#8243;][vc_column_text]<\/p>\n<h2>Les Aligoteurs<\/h2>\n<h4>L&#8217;<b>aligot\u00e9<\/b> \u00e0 l&#8217;honneur<\/h4>\n<p>[\/vc_column_text][vc_separator type=&#8221;transparent&#8221; up=&#8221;20&#8243; down=&#8221;0&#8243;][vc_column_text]Les vins de Bourgogne ne se r\u00e9sument pas seulement au Chardonnay et au pinot noir. D\u00e8s son arriv\u00e9e en Bourgogne, Philippe s\u2019est attach\u00e9 \u00e0 mettre en avant le mal aim\u00e9 aligot\u00e9, c\u00e9page blanc local typique qui r\u00e9serve de belles surprises.<\/p>\n<p>Partis de l\u2019id\u00e9e que l\u2019aligot\u00e9 m\u00e9rite plus de consid\u00e9ration que sa simple association avec la cr\u00e8me de cassis pour constituer le Kir, Philippe et des vignerons talentueux soucieux de remettre ce c\u00e9page au premier plan et lui redonner ses lettres de noblesses ont donn\u00e9s naissance \u00e0 l\u2019association \u00ab\u00a0Les Aligoteurs\u00a0\u00bb.<\/p>\n<p>Cette association a donn\u00e9e naissance \u00e0 un premier salon qui s\u2019est d\u00e9roul\u00e9 dans le parc de Boisrouge et a regroup\u00e9 50 vignerons ainsi que plus de 400 visiteurs professionnels pour un succ\u00e8s au-del\u00e0 des attentes[\/vc_column_text][\/vc_column][vc_column width=&#8221;1\/2&#8243;][vc_single_image image=&#8221;803&#8243; img_size=&#8221;full&#8221; qode_css_animation=&#8221;&#8221;][\/vc_column][\/vc_row][vc_row css_animation=&#8221;&#8221; row_type=&#8221;row&#8221; use_row_as_full_screen_section=&#8221;no&#8221; type=&#8221;grid&#8221; angled_section=&#8221;no&#8221; text_align=&#8221;left&#8221; background_image_as_pattern=&#8221;without_pattern&#8221; padding_top=&#8221;80&#8243;][vc_column][vc_single_image image=&#8221;804&#8243; img_size=&#8221;full&#8221; alignment=&#8221;center&#8221; qode_css_animation=&#8221;&#8221;][\/vc_column][\/vc_row][vc_row css_animation=&#8221;&#8221; row_type=&#8221;row&#8221; use_row_as_full_screen_section=&#8221;no&#8221; type=&#8221;grid&#8221; angled_section=&#8221;no&#8221; text_align=&#8221;left&#8221; background_image_as_pattern=&#8221;without_pattern&#8221; padding_top=&#8221;80&#8243; padding_bottom=&#8221;140&#8243;][vc_column][vc_column_text]<\/p>\n<h2 style=\"text-align: center;\">Vente \u00e0 emporter<\/h2>\n<p>[\/vc_column_text][vc_separator type=&#8221;transparent&#8221; up=&#8221;20&#8243; down=&#8221;0&#8243;][vc_column_text]<\/p>\n<p style=\"text-align: center;\">En marge du restaurant, une s\u00e9lection de vins \u00e0 emporter est propos\u00e9e. Cette s\u00e9lection regroupe des vins \u00e0 des prix doux et dans le but de promouvoir des vignerons talentueux.<\/p>\n<p>[\/vc_column_text][\/vc_column][\/vc_row][vc_row row_type=&#8221;parallax&#8221; parallax_content_width=&#8221;in_grid&#8221; text_align=&#8221;right&#8221; full_screen_section_height=&#8221;no&#8221; background_image=&#8221;728&#8243;][vc_column][vc_separator type=&#8221;transparent&#8221; up=&#8221;146&#8243; down=&#8221;0&#8243;][vc_row_inner row_type=&#8221;row&#8221; type=&#8221;full_width&#8221; text_align=&#8221;left&#8221; css_animation=&#8221;&#8221;][vc_column_inner width=&#8221;1\/3&#8243; offset=&#8221;vc_col-lg-4 vc_col-md-4&#8243;][\/vc_column_inner][vc_column_inner width=&#8221;1\/3&#8243;][\/vc_column_inner][vc_column_inner width=&#8221;1\/3&#8243;][vc_column_text]<\/p>\n<h4><span style=\"color: #ffffff;\">Informations<\/span><\/h4>\n<p>[\/vc_column_text][vc_separator type=&#8221;transparent&#8221; up=&#8221;17&#8243; down=&#8221;0&#8243;][vc_column_text css=&#8221;&#8221;]<span style=\"color: #ffffff;\"><strong>Boisrouge Restaurant et chambres<\/strong><\/span><\/p>\n<p><span style=\"color: #ffffff;\">Philippe Delacourcelle<\/span><\/p>\n<p><span style=\"color: #ffffff;\">4 bis rue du petit Paris<\/span><br \/>\n<span style=\"color: #ffffff;\"> 21640 Flagey Echezeaux <\/span><\/p>\n<p><span style=\"color: #ffffff;\"> tel: 03 80 34 30 56<\/span><\/p>\n<p><span style=\"color: #ffffff;\">Mail: <a style=\"color: #ffffff;\" href=\"mailto:contact@boisrouge.fr\">contact@boisrouge.fr<\/a><\/span>[\/vc_column_text][vc_separator type=&#8221;transparent&#8221; up=&#8221;39&#8243; down=&#8221;0&#8243;]<a  itemprop=\"url\" href=\"https:\/\/www.boisrouge.fr\/contact-reservations\/\" target=\"_self\" data-hover-background-color=\"#962424\" class=\"qbutton  medium white default\" style=\"font-style: normal; \">CONTACT<\/a>[vc_separator type=&#8221;transparent&#8221; up=&#8221;64&#8243; down=&#8221;0&#8243;][\/vc_column_inner][\/vc_row_inner][vc_separator type=&#8221;transparent&#8221; up=&#8221;81&#8243; down=&#8221;0&#8243;][\/vc_column][\/vc_row]<\/p>\n<\/div>","protected":false},"excerpt":{"rendered":"<p>Sorry, this entry is only available in Fran\u00e7ais and \u65e5\u672c\u8a9e. [vc_row css_animation=&#8221;&#8221; row_type=&#8221;row&#8221; use_row_as_full_screen_section=&#8221;no&#8221; type=&#8221;grid&#8221; angled_section=&#8221;no&#8221; text_align=&#8221;left&#8221; background_image_as_pattern=&#8221;without_pattern&#8221; padding_top=&#8221;140&#8243; padding_bottom=&#8221;140&#8243;][vc_column][vc_column_text] Les vins \u00e0 Boisrouge [\/vc_column_text][vc_separator type=&#8221;transparent&#8221; up=&#8221;20&#8243; down=&#8221;0&#8243;][vc_column_text css=&#8221;&#8221;]Depuis longtemps, Philippe Delacourcelle se passionnent pour les \u00ab vins d\u2019auteurs \u00bb, les crus de producteurs r\u00e9alis\u00e9s&#8230;<\/p>\n","protected":false},"author":3,"featured_media":0,"parent":0,"menu_order":0,"comment_status":"closed","ping_status":"closed","template":"full_width.php","meta":{"_monsterinsights_skip_tracking":false,"_monsterinsights_sitenote_active":false,"_monsterinsights_sitenote_note":"","_monsterinsights_sitenote_category":0,"footnotes":""},"class_list":["post-799","page","type-page","status-publish","hentry"],"aioseo_notices":[],"_links":{"self":[{"href":"https:\/\/www.boisrouge.fr\/en\/wp-json\/wp\/v2\/pages\/799","targetHints":{"allow":["GET"]}}],"collection":[{"href":"https:\/\/www.boisrouge.fr\/en\/wp-json\/wp\/v2\/pages"}],"about":[{"href":"https:\/\/www.boisrouge.fr\/en\/wp-json\/wp\/v2\/types\/page"}],"author":[{"embeddable":true,"href":"https:\/\/www.boisrouge.fr\/en\/wp-json\/wp\/v2\/users\/3"}],"replies":[{"embeddable":true,"href":"https:\/\/www.boisrouge.fr\/en\/wp-json\/wp\/v2\/comments?post=799"}],"version-history":[{"count":2,"href":"https:\/\/www.boisrouge.fr\/en\/wp-json\/wp\/v2\/pages\/799\/revisions"}],"predecessor-version":[{"id":1115,"href":"https:\/\/www.boisrouge.fr\/en\/wp-json\/wp\/v2\/pages\/799\/revisions\/1115"}],"wp:attachment":[{"href":"https:\/\/www.boisrouge.fr\/en\/wp-json\/wp\/v2\/media?parent=799"}],"curies":[{"name":"wp","href":"https:\/\/api.w.org\/{rel}","templated":true}]}}

<div class="wpb-content-wrapper"><p class="qtranxs-available-languages-message qtranxs-available-languages-message-en">Sorry, this entry is only available in <a href="https://www.boisrouge.fr/fr/wp-json/wp/v2/pages/799" class="qtranxs-available-language-link qtranxs-available-language-link-fr" title="Français">Français</a> and <a href="https://www.boisrouge.fr/ja/wp-json/wp/v2/pages/799" class="qtranxs-available-language-link qtranxs-available-language-link-ja" title="日本語">日本語</a>.</p>
<p>[vc_row css_animation=&#8221;&#8221; row_type=&#8221;row&#8221; use_row_as_full_screen_section=&#8221;no&#8221; type=&#8221;grid&#8221; angled_section=&#8221;no&#8221; text_align=&#8221;left&#8221; background_image_as_pattern=&#8221;without_pattern&#8221; padding_top=&#8221;140&#8243; padding_bottom=&#8221;140&#8243;][vc_column][vc_column_text]</p>
<h1>Les vins à Boisrouge</h1>
<p>[/vc_column_text][vc_separator type=&#8221;transparent&#8221; up=&#8221;20&#8243; down=&#8221;0&#8243;][vc_column_text css=&#8221;&#8221;]Depuis longtemps, Philippe Delacourcelle se passionnent pour les « vins d’auteurs », les crus de producteurs réalisés avec amour et dans le respect de la nature, que ce soit en culture raisonnée, en bio ou en biodynamie. Pour nous, cette implantation dans le terroir bourguignon est une belle occasion de mettre en valeur les délicieux vins de Bourgogne. Une gamme, en blanc comme en rouge, allant du « petit » Bourgogne régional jusqu’aux mythiques grands crus, vous est proposée.</p>
<p>Pour les amateurs d’autres régions viticoles, vous ne serez pas en reste. Les vins de Loire, Alsace, Rhône et Sud-Ouest sont également mis à l’honneur. Le plus grand plaisir de Philippe est d’aller à la rencontre de vignerons, découvrir leurs vins, arpenter la vigne, comprendre leur philosophie et partager des moments privilégiés. La carte des vins est le fruit de 35 ans de recherche, de découvertes, de relations anciennes ou récentes, mais de qualité avec les vignerons et leur métier passionnant.[/vc_column_text][vc_separator type=&#8221;transparent&#8221; up=&#8221;20&#8243; down=&#8221;0&#8243;][/vc_column][/vc_row][vc_row row_type=&#8221;parallax&#8221; parallax_content_width=&#8221;in_grid&#8221; text_align=&#8221;left&#8221; full_screen_section_height=&#8221;no&#8221; background_image=&#8221;801&#8243; section_height=&#8221;500&#8243;][vc_column][/vc_column][/vc_row][vc_row css_animation=&#8221;&#8221; row_type=&#8221;row&#8221; use_row_as_full_screen_section=&#8221;no&#8221; type=&#8221;grid&#8221; angled_section=&#8221;no&#8221; text_align=&#8221;left&#8221; background_image_as_pattern=&#8221;without_pattern&#8221; padding_top=&#8221;80&#8243;][vc_column width=&#8221;1/2&#8243;][vc_column_text]</p>
<h2>Les Aligoteurs</h2>
<h4>L&#8217;<b>aligoté</b> à l&#8217;honneur</h4>
<p>[/vc_column_text][vc_separator type=&#8221;transparent&#8221; up=&#8221;20&#8243; down=&#8221;0&#8243;][vc_column_text]Les vins de Bourgogne ne se résument pas seulement au Chardonnay et au pinot noir. Dès son arrivée en Bourgogne, Philippe s’est attaché à mettre en avant le mal aimé aligoté, cépage blanc local typique qui réserve de belles surprises.</p>
<p>Partis de l’idée que l’aligoté mérite plus de considération que sa simple association avec la crème de cassis pour constituer le Kir, Philippe et des vignerons talentueux soucieux de remettre ce cépage au premier plan et lui redonner ses lettres de noblesses ont donnés naissance à l’association « Les Aligoteurs ».</p>
<p>Cette association a donnée naissance à un premier salon qui s’est déroulé dans le parc de Boisrouge et a regroupé 50 vignerons ainsi que plus de 400 visiteurs professionnels pour un succès au-delà des attentes[/vc_column_text][/vc_column][vc_column width=&#8221;1/2&#8243;][vc_single_image image=&#8221;803&#8243; img_size=&#8221;full&#8221; qode_css_animation=&#8221;&#8221;][/vc_column][/vc_row][vc_row css_animation=&#8221;&#8221; row_type=&#8221;row&#8221; use_row_as_full_screen_section=&#8221;no&#8221; type=&#8221;grid&#8221; angled_section=&#8221;no&#8221; text_align=&#8221;left&#8221; background_image_as_pattern=&#8221;without_pattern&#8221; padding_top=&#8221;80&#8243;][vc_column][vc_single_image image=&#8221;804&#8243; img_size=&#8221;full&#8221; alignment=&#8221;center&#8221; qode_css_animation=&#8221;&#8221;][/vc_column][/vc_row][vc_row css_animation=&#8221;&#8221; row_type=&#8221;row&#8221; use_row_as_full_screen_section=&#8221;no&#8221; type=&#8221;grid&#8221; angled_section=&#8221;no&#8221; text_align=&#8221;left&#8221; background_image_as_pattern=&#8221;without_pattern&#8221; padding_top=&#8221;80&#8243; padding_bottom=&#8221;140&#8243;][vc_column][vc_column_text]</p>
<h2 style="text-align: center;">Vente à emporter</h2>
<p>[/vc_column_text][vc_separator type=&#8221;transparent&#8221; up=&#8221;20&#8243; down=&#8221;0&#8243;][vc_column_text]</p>
<p style="text-align: center;">En marge du restaurant, une sélection de vins à emporter est proposée. Cette sélection regroupe des vins à des prix doux et dans le but de promouvoir des vignerons talentueux.</p>
<p>[/vc_column_text][/vc_column][/vc_row][vc_row row_type=&#8221;parallax&#8221; parallax_content_width=&#8221;in_grid&#8221; text_align=&#8221;right&#8221; full_screen_section_height=&#8221;no&#8221; background_image=&#8221;728&#8243;][vc_column][vc_separator type=&#8221;transparent&#8221; up=&#8221;146&#8243; down=&#8221;0&#8243;][vc_row_inner row_type=&#8221;row&#8221; type=&#8221;full_width&#8221; text_align=&#8221;left&#8221; css_animation=&#8221;&#8221;][vc_column_inner width=&#8221;1/3&#8243; offset=&#8221;vc_col-lg-4 vc_col-md-4&#8243;][/vc_column_inner][vc_column_inner width=&#8221;1/3&#8243;][/vc_column_inner][vc_column_inner width=&#8221;1/3&#8243;][vc_column_text]</p>
<h4><span style="color: #ffffff;">Informations</span></h4>
<p>[/vc_column_text][vc_separator type=&#8221;transparent&#8221; up=&#8221;17&#8243; down=&#8221;0&#8243;][vc_column_text css=&#8221;&#8221;]<span style="color: #ffffff;"><strong>Boisrouge Restaurant et chambres</strong></span></p>
<p><span style="color: #ffffff;">Philippe Delacourcelle</span></p>
<p><span style="color: #ffffff;">4 bis rue du petit Paris</span><br />
<span style="color: #ffffff;"> 21640 Flagey Echezeaux </span></p>
<p><span style="color: #ffffff;"> tel: 03 80 34 30 56</span></p>
<p><span style="color: #ffffff;">Mail: <a style="color: #ffffff;" href="mailto:contact@boisrouge.fr">contact@boisrouge.fr</a></span>[/vc_column_text][vc_separator type=&#8221;transparent&#8221; up=&#8221;39&#8243; down=&#8221;0&#8243;]<a  itemprop="url" href="https://www.boisrouge.fr/contact-reservations/" target="_self" data-hover-background-color="#962424" class="qbutton  medium white default" style="font-style: normal; ">CONTACT</a>[vc_separator type=&#8221;transparent&#8221; up=&#8221;64&#8243; down=&#8221;0&#8243;][/vc_column_inner][/vc_row_inner][vc_separator type=&#8221;transparent&#8221; up=&#8221;81&#8243; down=&#8221;0&#8243;][/vc_column][/vc_row]</p>
</div>

<p>Sorry, this entry is only available in Français and 日本語. [vc_row css_animation=&#8221;&#8221; row_type=&#8221;row&#8221; use_row_as_full_screen_section=&#8221;no&#8221; type=&#8221;grid&#8221; angled_section=&#8221;no&#8221; text_align=&#8221;left&#8221; background_image_as_pattern=&#8221;without_pattern&#8221; padding_top=&#8221;140&#8243; padding_bottom=&#8221;140&#8243;][vc_column][vc_column_text] Les vins à Boisrouge [/vc_column_text][vc_separator type=&#8221;transparent&#8221; up=&#8221;20&#8243; down=&#8221;0&#8243;][vc_column_text css=&#8221;&#8221;]Depuis longtemps, Philippe Delacourcelle se passionnent pour les « vins d’auteurs », les crus de producteurs réalisés&#8230;</p>
